 a multiple of 61?
True
Does 71 divide 358895?
False
Does 20 divide 1418460?
True
Does 213 divide 312258?
True
Does 9 divide 134226?
True
Is 827492 a multiple of 68?
True
Is 55784 a multiple of 76?
True
Is 62790 a multiple of 4?
False
Is 721791 a multiple of 21?
True
Is 539 a factor of 126406?
False
Is 21290 a multiple of 10?
True
Does 47 divide 665896?
True
Is 662256 a multiple of 219?
True
Is 195018 a multiple of 4?
False
Is 213467 a multiple of 16?
False
Does 4 divide 117524?
True
Is 3824852 a multiple of 274?
False
Is 9 a factor of 34803?
True
Is 1267 a factor of 898303?
True
Does 117 divide 8580994?
False
Is 1338405 a multiple of 15?
True
Does 33 divide 1222785?
False
Does 29 divide 39218?
False
Is 1285098 a multiple of 47?
False
Is 334 a factor of 443218?
True
Is 8 a factor of 2936024?
True
Does 48 divide 626880?
True
Is 130880 a multiple of 4?
True
Does 2 divide 124940?
True
Does 89 divide 103583?
False
Is 121 a factor of 6765110?
True
Does 90 divide 106400?
False
Is 15 a factor of 14580?
True
Does 76 divide 103512?
True
Does 92 divide 14007184?
True
Is 24 a factor of 1460520?
True
Is 1983600 a multiple of 100?
True
Is 5 a factor of 899091?
False
Is 1623 a factor of 36964973?
False
Is 3456568 a multiple of 94?
True
Is 100116 a multiple of 3?
True
Is 1032416 a multiple of 352?
True
Does 40 divide 56825?
False
Is 60 a factor of 268007?
False
Is 228719 a multiple of 19?
False
Is 139 a factor of 957636?
False
Is 164666 a multiple of 4?
False
Is 362053 a multiple of 26?
False
Does 3 divide 318593?
False
Does 3 divide 20106?
True
Is 17424 a multiple of 48?
True
Is 296 a factor of 275872?
True
Is 2043966 a multiple of 34?
False
Does 16 divide 12896?
True
Is 65 a factor of 97397?
False
Does 44 divide 1807583?
False
Is 2781475 a multiple of 155?
True
Does 27 divide 1507380?
False
Does 8 divide 884017?
False
Is 89012 a multiple of 11?
True
Is 12 a factor of 659270?
False
Is 24969574 a multiple of 287?
True
Is 129471 a multiple of 4?
False
Is 4 a factor of 2896520?
True
Is 4999253 a multiple of 588?
False
Is 1380295 a multiple of 5?
True
Is 34 a factor of 72465?
False
Is 239945 a multiple of 34?
False
Is 24 a factor of 3776832?
True
Does 6 divide 1215414?
True
Is 7 a factor of 1406633?
False
Does 62 divide 1942150?
True
Is 14 a factor of 426510?
True
Is 24 a factor of 54394?
False
Is 256479 a multiple of 17?
True
Does 8 divide 75731?
False
Does 109 divide 184319?
True
Does 97 divide 644468?
True
Is 328 a factor of 298403?
False
Is 95665 a multiple of 265?
True
Is 4674668 a multiple of 31?
False
Is 873 a factor of 2303185?
False
Does 273 divide 20512?
False
Does 93 divide 5571791?
False
Is 176 a factor of 32560?
True
Is 7473344 a multiple of 736?
True
Does 204 divide 10458279?
False
Is 7248774 a multiple of 39?
True
Is 620274 a multiple of 114?
True
Does 734 divide 279654?
True
Is 141 a factor of 127464?
True
Does 723 divide 3605601?
True
Is 10849994 a multiple of 21?
False
Does 34 divide 1244860?
False
Is 529 a factor of 21338322?
False
Does 18 divide 83111?
False
Is 508 a factor of 1481836?
True
Is 1514582 a multiple of 112?
False
Does 15 divide 603195?
True
Does 11 divide 139106?
True
Is 8126 a multiple of 6?
False
Is 88 a factor of 76321?
False
Is 144928 a multiple of 28?
True
Is 3723291 a multiple of 158?
False
Is 52 a factor of 1716780?
True
Does 195 divide 30962912?
False
Is 1067646 a multiple of 214?
True
Does 175 divide 986300?
True
Does 12 divide 13464?
True
Is 541456 a multiple of 3?
False
Is 281 a factor of 10560733?
False
Does 214 divide 2487322?
True
Is 42 a factor of 584831?
False
Does 799 divide 412284?
True
Is 37 a factor of 610648?
True
Does 165 divide 3919575?
True
Is 24625 a multiple of 25?
True
Is 870978 a multiple of 90?
False
Is 2520369 a multiple of 16?
False
Is 21771620 a multiple of 13?
True
Is 582168 a multiple of 381?
True
Is 3 a factor of 547393?
False
Is 7 a factor of 39376?
False
Does 33 divide 2413191?
True
Is 31 a factor of 188629?
False
Is 23 a factor of 455331?
True
Is 542950 a multiple of 76?
False
Is 17 a factor of 767206?
False
Is 9558 a multiple of 42?
False
Is 2 a factor of 49990?
True
Does 308 divide 22484?
True
Does 254 divide 1638554?
True
Does 57 divide 3624?
False
Does 90 divide 475650?
True
Is 100 a factor of 97100?
True
Does 107 divide 7704?
True
Is 114 a factor of 783?
False
Does 99 divide 5837798?
False
Is 56 a factor of 422968?
True
Is 24 a factor of 23296?
False
Does 1452 divide 40124568?
True
Is 8970984 a multiple of 2651?
True
Does 958 divide 1457118?
True
Is 10 a factor of 296380?
True
Is 158 a factor of 43608?
True
Is 16 a factor of 2506839?
False
Is 2736919 a multiple of 50?
False
Is 6156 a multiple of 16?
False
Is 136 a factor of 191080?
True
Does 145 divide 1057668?
False
Does 205 divide 612130?
True
Is 1043638 a multiple of 16?
False
Is 547911 a multiple of 190?
False
Is 190 a factor of 39538?
False
Does 155 divide 182900?
True
Does 41 divide 289542?
True
Is 65 a factor of 838690?
False
Is 26912 a multiple of 14?
False
Does 50 divide 2221389?
False
Does 4 divide 1007348?
True
Is 83340 a multiple of 30?
True
Is 157 a factor of 5244308?
False
Does 18 divide 10829549?
False
Is 13 a factor of 226559?
False
Is 7 a factor of 134561?
True
Does 736 divide 308438?
False
Does 522 divide 39672?
True
Does 4 divide 427236?
True
Is 167425 a multiple of 37?
True
Is 110 a factor of 31130?
True
Is 520 a factor of 376480?
True
Does 58 divide 287117?
False
Is 438328 a multiple of 88?
True
Does 22 divide 225706?
False
Does 28 divide 175310?
False
Is 4 a factor of 1545728?
True
Is 368 a factor of 255392?
True
Is 50 a factor of 23875?
False
Is 1481235 a multiple of 14?
False
Is 151030 a multiple of 42?
False
Is 1043251 a multiple of 11?
True
Is 493085 a multiple of 40?
False
Is 1930716 a multiple of 42?
False
Is 15 a factor of 50970?
True
Is 2326208 a multiple of 64?
True
Is 1727944 a multiple of 210?
False
Is 45 a factor of 931076?
False
Is 68 a factor of 236708?
True
Is 371789 a multiple of 4?
False
Is 16969991 a multiple of 167?
False
Is 398148 a multiple of 8?
False
Is 4523772 a multiple of 946?
True
Is 1832872 a multiple of 42?
False
Is 236 a factor of 6016342?
False
Is 490446 a multiple of 72?
False
Is 1325808 a multiple of 48?
True
Is 688010 a multiple of 535?
True
Is 62 a factor of 4802334?
True
Does 142 divide 1134154?
True
Is 1719212 a multiple of 90?
False
Does 180 divide 1282140?
True
Does 994 divide 354044?
False
Is 31776903 a multiple of 1275?
False
Does 343 divide 195839?
False
Does 636 divide 2151739?
False
Is 272 a factor of 1336608?
True
Does 7 divide 73073?
True
Is 83 a factor of 17264?
True
Is 96720 a multiple of 65?
True
Does 7 divide 1082504?
False
Is 201107 a multiple of 19?
False
Does 190 divide 127490?
True
Does 33 divide 262184?
False
Does 15 divide 359415?
True
Does 44 divide 135872?
True
Is 36300 a multiple of 47?
False
Is 160412 a multiple of 68?
True
Is 87 a factor of 69513?
True
Is 15496747 a multiple of 273?
False
Is 133 a factor of 118251?
False
Does 17 divide 73627?
True
Does 346 divide 19777311?
False
Does 16 divide 1021370?
False
Is 119 a factor of 572627?
False
Does 82 divide 237636?
True
Is 8851 a multiple of 143?
False
Is 5 a factor of 115550?
True
Is 19 a factor of 75111?
False
Does 22 divide 73788?
True
Does 22 divide 147378?
True
Is 15958011 a multiple of 1315?
False
Does 25 divide 914475?
True
Is 1766559 a multiple of 368?
False
Does 11 divide 1732322?
False
Is 6 a factor of 2869128?
True
Is 1132288 a multiple of 128?
True
Does 199 divide 1088349?
False
Is 20 a factor of 239621?
False
Is 578071 a multiple of 33?
False
Is 29 a factor of 3908?
False
Is 36 a factor of 10721664?
True
Is 3 a factor of 4949?
False
Is 10936661 a multiple of 18?
False
Is 60 a factor of 4142979?
False
Is 155 a factor of 58060?
False
Is 12 a factor of 2239224?
True
Is 56994 a multiple of 14?
True
Is 164 a factor of 7013647?
False
Does 24 divide 10295592?
True
Does 1310 divide 13465096?
False
Is 5002 a multiple of 5?
False
Is 18435 a multiple of 25?
False
Is 917546 a multiple of 14?
True
Does 17 divide 4323763?
True
Is 2867857 a multiple of 1419?
False
Is 7839639 a multiple of 309?
True
Is 180 a factor of 364979?
False
Is 1150398 a multiple of 9?
True
Is 302612 a multiple of 83?
False
Is 2302